hat are the prime factors of 140022?
2, 3, 2593
What are the prime factors of 3280435?
5, 53, 12379
List the prime factors of 2145178.
2, 7, 73, 2099
What are the prime factors of 199975?
5, 19, 421
List the prime factors of 1717256.
2, 214657
What are the prime factors of 163364?
2, 40841
What are the prime factors of 775501?
479, 1619
What are the prime factors of 11505486?
2, 3, 1917581
List the prime factors of 31551786.
2, 3, 7, 83, 431
List the prime factors of 4971702.
2, 3, 29, 28573
List the prime factors of 1271637.
3, 229, 617
What are the prime factors of 153216?
2, 3, 7, 19
What are the prime factors of 394206?
2, 3, 65701
List the prime factors of 17605396.
2, 23, 31, 6173
What are the prime factors of 27411036?
2, 3, 97, 23549
List the prime factors of 1256236.
2, 314059
List the prime factors of 243572.
2, 7, 8699
List the prime factors of 685646.
2, 13, 26371
What are the prime factors of 8157480?
2, 3, 5, 67979
List the prime factors of 702441.
3, 78049
List the prime factors of 1262791.
487, 2593
List the prime factors of 3649637.
3649637
What are the prime factors of 2054141?
41, 50101
What are the prime factors of 364750?
2, 5, 1459
List the prime factors of 5936585.
5, 1187317
List the prime factors of 210807.
3, 59, 397
List the prime factors of 73278.
2, 3, 23, 59
List the prime factors of 37349149.
37349149
What are the prime factors of 903302?
2, 23, 73, 269
What are the prime factors of 6596385?
3, 5, 439759
What are the prime factors of 603630?
2, 3, 5, 19, 353
What are the prime factors of 8720493?
3, 37, 251, 313
What are the prime factors of 214179?
3, 7, 31, 47
List the prime factors of 74619.
3, 8291
What are the prime factors of 573466?
2, 286733
What are the prime factors of 186925?
5, 7477
What are the prime factors of 216851?
216851
List the prime factors of 18100340.
2, 5, 113, 8009
What are the prime factors of 740464?
2, 46279
What are the prime factors of 3853705?
5, 770741
List the prime factors of 1153426.
2, 241, 2393
What are the prime factors of 5101010?
2, 5, 510101
What are the prime factors of 9304788?
2, 3, 23, 33713
What are the prime factors of 633296?
2, 39581
List the prime factors of 2786461.
2786461
List the prime factors of 14173154.
2, 53, 133709
List the prime factors of 883327.
883327
What are the prime factors of 3624876?
2, 3, 17, 5923
What are the prime factors of 2180448?
2, 3, 67, 113
List the prime factors of 114019.
17, 19, 353
What are the prime factors of 2707086?
2, 3, 451181
What are the prime factors of 176822?
2, 88411
What are the prime factors of 2583793?
2583793
List the prime factors of 825841.
379, 2179
What are the prime factors of 9295973?
61, 152393
List the prime factors of 1057721.
7, 53, 2851
What are the prime factors of 990175?
5, 39607
What are the prime factors of 2615650?
2, 5, 52313
What are the prime factors of 40302406?
2, 47, 107, 4007
What are the prime factors of 11358203?
1153, 9851
List the prime factors of 261432.
2, 3, 3631
What are the prime factors of 405724?
2, 11, 9221
What are the prime factors of 1065720?
2, 3, 5, 83, 107
List the prime factors of 60793.
60793
What are the prime factors of 175990?
2, 5, 17599
List the prime factors of 2027816.
2, 7, 739
What are the prime factors of 832886?
2, 416443
List the prime factors of 1410224.
2, 53, 1663
What are the prime factors of 485992?
2, 13, 4673
What are the prime factors of 2026572?
2, 3, 281, 601
List the prime factors of 702344.
2, 87793
What are the prime factors of 10475392?
2, 81839
List the prime factors of 17199.
3, 7, 13
List the prime factors of 1671350.
2, 5, 33427
List the prime factors of 90320.
2, 5, 1129
What are the prime factors of 840039?
3, 280013
What are the prime factors of 23176905?
3, 5, 1545127
List the prime factors of 9281374.
2, 23, 201769
What are the prime factors of 357516?
2, 3, 9931
List the prime factors of 36727619.
23, 421, 3793
List the prime factors of 561303.
3, 20789
List the prime factors of 2379487.
11, 216317
What are the prime factors of 335407?
19, 127, 139
What are the prime factors of 4524562?
2, 7, 137, 337
List the prime factors of 10589953.
11, 67, 14369
What are the prime factors of 262997?
7, 37571
What are the prime factors of 2976851?
53, 56167
What are the prime factors of 2120520?
2, 3, 5, 41, 431
List the prime factors of 708206.
2, 19, 18637
List the prime factors of 2087127.
3, 7, 409
List the prime factors of 2584708.
2, 7, 92311
List the prime factors of 66537.
3, 7393
List the prime factors of 671094.
2, 3, 23, 1621
What are the prime factors of 30787733?
19, 349, 4643
List the prime factors of 6164316.
2, 3, 57077
What are the prime factors of 658846?
2, 43, 47, 163
List the prime factors of 387067.
23, 16829
What are the prime factors of 324814?
2, 7, 23201
What are the prime factors of 791246?
2, 23, 103, 167
List the prime factors of 28310046.
2, 3, 67, 70423
What are the prime factors of 4896013?
4896013
List the prime factors of 1780920.
2, 3, 5, 17, 97
What are the prime factors of 41899380?
2, 3, 5, 397, 1759
List the prime factors of 214845.
3, 5, 14323
What are the prime factors of 152999?
7, 11, 1987
List the prime factors of 1342040.
2, 5, 7, 4793
List the prime factors of 541260.
2, 3, 5, 31, 97
What are the prime factors of 54356?
2, 107, 127
List the prime factors of 104145.
3, 5, 53, 131
What are the prime factors of 1405125?
3, 5, 1249
What are the prime factors of 105269?
105269
List the prime factors of 1044957.
3, 29, 12011
List the prime factors of 94290.
2, 3, 5, 7, 449
List the prime factors of 9648149.
7, 196901
What are the prime factors of 11148617?
17, 103, 6367
What are the prime factors of 3083466?
2, 3, 653, 787
List the prime factors of 9610247.
1747, 5501
List the prime factors of 4314675.
3, 5, 57529
List the prime factors of 25430.
2, 5, 2543
List the prime factors of 2086586.
2, 1043293
What are the prime factors of 657009?
3, 37, 1973
What are the prime factors of 1285361?
7, 11, 16693
What are the prime factors of 35952?
2, 3, 7, 107
List the prime factors of 13712505.
3, 5, 29, 1087
What are the prime factors of 711476?
2, 83, 2143
What are the prime factors of 4695018?
2, 3, 47, 16649
What are the prime factors of 12304370?
2, 5, 13, 94649
What are the prime factors of 481590?
2, 3, 5, 5351
List the prime factors of 388493.
7, 19, 23, 127
List the prime factors of 2735920.
2, 5, 11, 3109
List the prime factors of 6686983.
6686983
List the prime factors of 302683.
53, 5711
List the prime factors of 3827923.
11, 347993
What are the prime factors of 469969?
469969
List the prime factors of 1042274.
2, 521137
List the prime factors of 2708201.
2708201
List the prime factors of 124130.
2, 5, 12413
List the prime factors of 966934.
2, 483467
What are the prime factors of 776100?
2, 3, 5, 13, 199
What are the prime factors of 5165341?
1489, 3469
List the prime factors of 148215.
3, 5, 41, 241
List the prime factors of 571600.
2, 5, 1429
What are the prime factors of 359768?
2, 44971
What are the prime factors of 3910350?
2, 3, 5, 131, 199
List the prime factors of 319801.
193, 1657
List the prime factors of 5605726.
2, 7, 400409
What are the prime factors of 623120?
2, 5, 7789
List the prime factors of 166272.
2, 3, 433
What are the prime factors of 443159?
443159
List the prime factors of 20065.
5, 4013
What are the prime factors of 56794?
2, 73, 389
List the prime factors of 16313072.
2, 23, 97, 457
What are the prime factors of 3903651?
3, 41, 71, 149
List the prime factors of 1125296.
2, 53, 1327
List the prime factors of 720636.
2, 3, 7, 23, 373
List the prime factors of 12651964.
2, 13, 467, 521
List the prime factors of 10167645.
3, 5, 103, 6581
List the prime factors of 804560.
2, 5, 89, 113
What are the prime factors of 294673?
294673
List the prime factors of 21071053.
21071053
List the prime factors of 15330699.
3, 523, 3257
What are the prime factors of 32362630?
2, 5, 3236263
List the prime factors of 8223214.
2, 47, 87481
What are the prime factors of 5306344?
2, 107, 6199
What are the prime factors of 772046?
2, 11, 19, 1847
List the prime factors of 2156894.
2, 23, 46889
What are the prime factors of 696583?
307, 2269
What are the prime factors of 3861652?
2, 17, 109, 521
List 